+ f/3?
2, 5, 11
Let r = -1 + 11. Let l = -41 + 43. Suppose l*m + 92 = 5*p, -4*p - r = -m - 83. What are the prime factors of p?
2, 3
Suppose 2*z = 3*v + 90, v - z - z = -30. Let c = v + 27. List the prime factors of ((-30)/1)/(c/4).
2, 5
Let q(u) = -9*u - 12. Let y be q(-6). Let a = 16 - y. List the prime factors of (a/6 + -1)*-6.
2
What are the prime factors of (-4)/26 - ((-275562)/91 - 6)?
2, 37, 41
Suppose -5*r + 4*w + 2 = 3, r - 23 = -5*w. Let j be r/(-1)*1 + -13. List the prime factors of j/(-4) + (-1 - -20).
23
Suppose -3675 - 9117 = -13*m. What are the prime factors of m?
2, 3, 41
Let r be -145 - (2/7 + 19/7). Let l = 12 - r. What are the prime factors of l?
2, 5
Let k(l) = l**3 + 12*l**2 + 5*l - 16. Let t(c) = c**3 + 14*c**2 + 2*c + 17. Let y be t(-14). What are the prime factors of k(y)?
2, 5
Suppose -b - 4 = 3*b, 4*d - 1 = b. Suppose -12*w + 11*w - 3 = d. What are the prime factors of w/7 + (-7236)/(-126)?
3, 19
Let y(p) = p + 2. Let f be y(0). Suppose j + 369 = 5*l, -l + 3*l = -f*j + 150. List the prime factors of l.
2, 37
Suppose -13*s + 16*s = -105. Let m = s - -39. List the prime factors of m.
2
List the prime factors of (-4 - -1 - 148)*-1.
151
Let g(v) = v**3 - 10*v**2 + 7. Let p be g(11). Suppose 42 = 5*z - p. List the prime factors of z.
2, 17
Let v(t) = -2*t**3 - 37*t**2 - 31. List the prime factors of v(-19).
2, 3, 5, 11
Suppose 0 = 47*i - 152706 + 17017. List the prime factors of i.
2887
Suppose 37*k - 11222 = 10275. List the prime factors of k.
7, 83
Suppose -m + 743 = -9. What are the prime factors of m?
2, 47
Let l(y) = 31*y + 33. Let r be l(11). List the prime factors of r/6 + (-18)/(-27).
3, 7
Let y = 148 + -54. Suppose -y = -5*c + 6. What are the prime factors of c?
2, 5
Let w = 5669 + -3435. What are the prime factors of w?
2, 1117
Let f be (-1)/(-3 - 313/(-156) - -1). Let h = -75 - f. What are the prime factors of h?
3
Suppose -10*r + 25 = -5*r. Suppose -4*u = -r*y + 226, -3*y - 49 = -4*u - 191. What are the prime factors of y?
2, 3, 7
Suppose 4*y + 67824 = 22*y. What are the prime factors of y?
2, 3, 157
Let q(w) = -20*w - 5. Let g be q(-5). What are the prime factors of g/2*(-84)/(-70)?
3, 19
Let y be 2*1 + (-6)/(-3). Let x = 13 - 12. Let v = y + x. What are the prime factors of v?
5
Let n(y) = 30*y + 6. Let j be n(5). List the prime factors of j + (0 - 1)*5.
151
Let y = 306 - -66. Suppose 3*b - 4*n = -n + y, -2*b - 5*n + 213 = 0. Suppose 5*c - 46 = b. What are the prime factors of c?
3, 11
Suppose -19 + 3 = -4*o. Suppose -o*b + 3 + 13 = 0. Suppose 74 = 4*l - j, 3*l + b*j = -l + 84. List the prime factors of l.
19
Suppose -6 = 13*o - 12*o. What are the prime factors of o/(-10) + (-3985)/(-25)?
2, 5
List the prime factors of (-1 - (-2)/6) + (-59470)/(-114).
521
Let v(q) be the second derivative of -q**3/2 + 39*q**2/2 + 11*q. List the prime factors of v(0).
3, 13
What are the prime factors of (69/(-5))/(205/(-25) + 8)?
3, 23
What are the prime factors of ((-1044)/(-9))/((-7)/(-14))?
2, 29
Let h(i) = 69*i**2 - 2*i + 1. Let n be h(1). Suppose -3*v - n = -4*v. List the prime factors of v.
2, 17
Let l(o) = -66*o - 15. List the prime factors of l(-2).
3, 13
Let j be 2/6 + (-3)/9. Suppose j = -2*o + 2*n - 684, -3*o - 13 = n + 1021. List the prime factors of (-4)/6 + o/(-12).
2, 7
Suppose -47*x + 43*x = -11392. What are the prime factors of x?
2, 89
What are the prime factors of (-142)/(-3)*(14 + -25 - -14)?
2, 71
Suppose 5*u = -3*q + 14522, -u - 29*q = -34*q - 2910. What are the prime factors of u?
5, 7, 83
List the prime factors of 9*(2 + -3) + 338.
7, 47
Let u(b) = -b + 1. Let p be u(-3). Let a be ((-10)/4 + p)*4. Suppose -a*f + 92 = -130. What are the prime factors of f?
37
Let d(f) = f**2 - 2*f + 1. Let h be d(2). Let p = -36 - -40. List the prime factors of (h + -2)/(p/(-84)).
3, 7
Suppose -3*a - 2*t = -28, -3*t = 5*a - 6*t - 72. Suppose 0 = -v + 2*y - 3, -25 = -v - y - 4*y. Let m = v + a. List the prime factors of m.
17
Let i(p) = p - 23. Let l be i(9). Suppose -4*w = -0*w - 116. Let v = w + l. What are the prime factors of v?
3, 5
Suppose -4*h - 162 = v - 34, h - 4*v + 32 = 0. Let f = -5 - h. What are the prime factors of f?
3
Suppose -4*y - 154 = -2*f - 12, 4*y - 263 = -3*f. What are the prime factors of f?
3
Let t(c) = 9 + 3*c + 18 + 13 - 1. List the prime factors of t(0).
3, 13
List the prime factors of (-5208)/(-9) + 4/(-6).
2, 17
Suppose -93 = -7*z + 10*z. Let j = -12 - z. What are the prime factors of j?
19
Let c(y) = 32*y**2 - 53*y - 431. List the prime factors of c(-9).
2, 1319
Let v be (-34212)/(-30) - ((-16)/10 - -1). Suppose 9*i - v + 61 = 0. List the prime factors of i.
2, 3, 5
Let h(l) = 4*l**3 - l**2. Let u be h(1). Suppose -s + u = -6. Suppose 0 = -s*p + 5*p + 124. What are the prime factors of p?
31
Let t be (-2)/4 - (-5)/(-2). Let m be 0 + (-243)/t + -3. Let v = 119 - m. List the prime factors of v.
41
Let b = -2220 + 3384. What are the prime factors of b?
2, 3, 97
Suppose -20790 = -56*p + 20370. What are the prime factors of p?
3, 5, 7
Suppose 4*g - 418 = 2*y, -39*g + 43*g - 409 = -y. What are the prime factors of g?
103
Let r(y) = y**3 - 5*y**2 + 2*y - 2. Let w be r(4). List the prime factors of (-5888)/(-40) - (-2)/w.
3, 7
Let y(w) = 63*w + 291. What are the prime factors of y(7)?
2, 3, 61
Let s be (-15)/20 - 955/(-4). Let m = s + -89. What are the prime factors of m?
149
Suppose 75 = 4*h - 101. Let t = h - 36. List the prime factors of t.
2
Let p(u) = -u**2 - 6*u + 5. Let o be p(-9). Let d be 2/(-11) - 3084/o. Suppose -w + 35 = 2*q - 0*q, -4*w + q = -d. What are the prime factors of w?
5, 7
Let p(c) = 2*c**2 + 1. Let v be p(-1). Let b(t) = 0 - 23*t**3 - v*t**2 - 1 - t + 21*t**3. List the prime factors of b(-2).
5
Let u be (1 - 2 - -2)/(10/(-130)). Let q = u + 59. What are the prime factors of q?
2, 23
Let o(z) = -205*z - 70. List the prime factors of o(-5).
5, 191
Suppose -55*n - 864 = -61*n. Suppose -5*d = -61 - n. List the prime factors of d.
41
Let n(c) be the third derivative of -c**6/240 + c**5/60 - c**4/6 - 4*c**2. Let d(f) be the second derivative of n(f). What are the prime factors of d(-1)?
5
Let r(p) be the first derivative of -p**2/2 + 5*p + 7. Let a be r(2). Suppose u - 180 = -a*u. List the prime factors of u.
3, 5
Let z(s) = s**3 - 11*s**2 - 12*s - 7. Let o be z(12). Let x = o - -96. List the prime factors of x.
89
Suppose 8*l - 28970 = -3002. What are the prime factors of l?
2, 3, 541
Let p(u) be the second derivative of 0 + 1/6*u**4 + 0*u**3 - 3/2*u**2 + 3*u. List the prime factors of p(3).
3, 5
Let g = -692 - -1268. List the prime factors of g.
2, 3
Suppose 0 = -2*n, b + 4*n - 1124 = 861. List the prime factors of b.
5, 397
Suppose -16*y + 21*y = 2630. What are the prime factors of y?
2, 263
Let z(p) = -90*p + 7. List the prime factors of z(-2).
11, 17
Let h = -19 - -22. Suppose h*f - 8 = -2. Suppose n = -5*k + 35, -5*n - 23 = -f*k - 252. List the prime factors of n.
3, 5
Let y(v) = -v**2 - 6*v + 3. Let m be y(-6). Suppose -288 - 324 = -m*u. What are the prime factors of u?
2, 3, 17
Suppose -2*k = 2*f - 8, f - 4*f = 0. Suppose k*v + 232 = 8*v. List the prime factors of v.
2, 29
Let a(k) = -4*k - 4. Let w = -12 - -8. Let u = w - -1. What are the prime factors of a(u)?
2
Let i(h) = -1 - 7*h**2 - 7*h - 4 + 2*h + h**3 + 1. Let l(s) = -s**3 + s**2 + s - 1. Let t(w) = i(w) + 2*l(w). What are the prime factors of t(-5)?
3
Let m(f) = f**3 + 9*f**2 - 6*f - 1. Let c(h) = h**3 + 10*h**2 - 7*h - 1. Let p(x) = -5*c(x) + 6*m(x). Suppose 8 = -3*d - 4. What are the prime factors of p(d)?
3
Let m be 3 + (-6)/3 - (-278 - 5). Suppose -3*s - j = -2*j - 426, 2*s - m = -4*j. List the prime factors of s.
2, 71
Let g(i) be the third derivative of -23*i**4/12 - i**3/6 - i**2. Let r(y) = -15*y + 119. Let v be r(8). What are the prime factors of g(v)?
3, 5
Suppose 5*z = 3*a - 1266, -7*a = 3*z - 2*z - 2916. What are the prime factors of a?
3, 139
Suppose -15 = -3*n, -n = 3*b + 2*n - 30. What are the prime factors of b?
5
Let a = 781 + -413. What are the prime factors of a?
2, 23
Let f be (-12)/90 - 2087/(-15). Suppose -f = -3*d + 182. Suppose -34 = -m + r, -2*r + d = -2*m + 5*m. List the prime factors of m.
5, 7
Let q be (-1)/((-1 - 2)/(-3)). Let g be 1 - (-3)/(6/(-14)). Let p = q - g. List the prime 